{"id":111,"date":"2023-12-04T16:49:37","date_gmt":"2023-12-04T15:49:37","guid":{"rendered":"https:\/\/thiemogerrit.de\/?page_id=111"},"modified":"2026-01-17T12:15:37","modified_gmt":"2026-01-17T11:15:37","slug":"bands","status":"publish","type":"page","link":"https:\/\/thiemogerrit.de\/?page_id=111","title":{"rendered":"Bands"},"content":{"rendered":"\n<div class=\"wp-block-media-text is-stacked-on-mobile\"><figure class=\"wp-block-media-text__media\"><img loading=\"lazy\" decoding=\"async\" width=\"1024\" height=\"683\" src=\"https:\/\/thiemogerrit.de\/wp-content\/uploads\/2023\/12\/A7401873-Bearbeitet-1024x683.jpg\" alt=\"\" class=\"wp-image-120 size-full\" srcset=\"https:\/\/thiemogerrit.de\/wp-content\/uploads\/2023\/12\/A7401873-Bearbeitet-1024x683.jpg 1024w, https:\/\/thiemogerrit.de\/wp-content\/uploads\/2023\/12\/A7401873-Bearbeitet-300x200.jpg 300w, https:\/\/thiemogerrit.de\/wp-content\/uploads\/2023\/12\/A7401873-Bearbeitet-768x512.jpg 768w, https:\/\/thiemogerrit.de\/wp-content\/uploads\/2023\/12\/A7401873-Bearbeitet-1536x1024.jpg 1536w, https:\/\/thiemogerrit.de\/wp-content\/uploads\/2023\/12\/A7401873-Bearbeitet-2048x1365.jpg 2048w, https:\/\/thiemogerrit.de\/wp-content\/uploads\/2023\/12\/A7401873-Bearbeitet-1140x760.jpg 1140w\" sizes=\"auto, (max-width: 1024px) 100vw, 1024px\" \/><\/figure><div class=\"wp-block-media-text__content\">\n<p>Shake It Up! \u2013 das ist Unterhaltung vom Feinsten. Von Pop und Balladen bis Country und Rock \u2019n\u2018 Roll ist alles im Repertoire. Egal ob Sektempfang, Dinner, Firmenfeier, Stadtfest, Geburtstag oder Hochzeitsfeier \u2013 alles ist m\u00f6glich. Neben zahlreichen Coversongs gibt es nat\u00fcrlich auch Songs aus eigener Feder.<\/p>\n<\/div><\/div>\n\n\n\n<div style=\"height:30px\" aria-hidden=\"true\" class=\"wp-block-spacer\"><\/div>\n\n\n\n<div class=\"wp-block-media-text is-stacked-on-mobile\"><figure class=\"wp-block-media-text__media\"><img loading=\"lazy\" decoding=\"async\" width=\"1024\" height=\"708\" src=\"https:\/\/thiemogerrit.de\/wp-content\/uploads\/2026\/01\/Footprint-1024x708.png\" alt=\"\" class=\"wp-image-193 size-full\" srcset=\"https:\/\/thiemogerrit.de\/wp-content\/uploads\/2026\/01\/Footprint-1024x708.png 1024w, https:\/\/thiemogerrit.de\/wp-content\/uploads\/2026\/01\/Footprint-300x208.png 300w, https:\/\/thiemogerrit.de\/wp-content\/uploads\/2026\/01\/Footprint-768x531.png 768w, https:\/\/thiemogerrit.de\/wp-content\/uploads\/2026\/01\/Footprint-1536x1063.png 1536w, https:\/\/thiemogerrit.de\/wp-content\/uploads\/2026\/01\/Footprint-2048x1417.png 2048w, https:\/\/thiemogerrit.de\/wp-content\/uploads\/2026\/01\/Footprint-1140x789.png 1140w\" sizes=\"auto, (max-width: 1024px) 100vw, 1024px\" \/><\/figure><div class=\"wp-block-media-text__content\">\n<p>Footprint \u2013 Zahllose Klassiker aus Rock, Pop und Blues, mit Fokus auf Hits der 60er und 70er Jahre. In dieser Band lebt die Beatmusic genauso wieder auf, wie manch legend\u00e4rer Blues-Klassiker. <\/p>\n<\/div><\/div>\n\n\n\n<div style=\"height:30px\" aria-hidden=\"true\" class=\"wp-block-spacer\"><\/div>\n\n\n\n<div class=\"wp-block-media-text is-stacked-on-mobile\"><figure class=\"wp-block-media-text__media\"><img loading=\"lazy\" decoding=\"async\" width=\"1024\" height=\"709\" src=\"https:\/\/thiemogerrit.de\/wp-content\/uploads\/2026\/01\/Hoehrenswoerth-2-1024x709.png\" alt=\"\" class=\"wp-image-204 size-full\" srcset=\"https:\/\/thiemogerrit.de\/wp-content\/uploads\/2026\/01\/Hoehrenswoerth-2-1024x709.png 1024w, https:\/\/thiemogerrit.de\/wp-content\/uploads\/2026\/01\/Hoehrenswoerth-2-300x208.png 300w, https:\/\/thiemogerrit.de\/wp-content\/uploads\/2026\/01\/Hoehrenswoerth-2-768x532.png 768w, https:\/\/thiemogerrit.de\/wp-content\/uploads\/2026\/01\/Hoehrenswoerth-2-1536x1064.png 1536w, https:\/\/thiemogerrit.de\/wp-content\/uploads\/2026\/01\/Hoehrenswoerth-2-2048x1418.png 2048w, https:\/\/thiemogerrit.de\/wp-content\/uploads\/2026\/01\/Hoehrenswoerth-2-1140x789.png 1140w\" sizes=\"auto, (max-width: 1024px) 100vw, 1024px\" \/><\/figure><div class=\"wp-block-media-text__content\">\n<p>H\u00f6hrensw\u00f6rth \u2013 abwechslungsreiche, mehrstimmige und ehrliche Livemusik \u2013 immer passend zum Anlass. Eine bunt gemischte Band, mit vielseitigem Repertoire in den Genres Rock, Pop und Party. <\/p>\n<\/div><\/div>\n\n\n\n<div style=\"height:30px\" aria-hidden=\"true\" class=\"wp-block-spacer\"><\/div>\n\n\n\n<div class=\"wp-block-media-text is-stacked-on-mobile\"><figure class=\"wp-block-media-text__media\"><img loading=\"lazy\" decoding=\"async\" width=\"1024\" height=\"1024\" src=\"https:\/\/thiemogerrit.de\/wp-content\/uploads\/2023\/12\/Que-Roljos-Cover-Scan-V2-CutSmall-1-1024x1024.jpg\" alt=\"\" class=\"wp-image-122 size-full\" srcset=\"https:\/\/thiemogerrit.de\/wp-content\/uploads\/2023\/12\/Que-Roljos-Cover-Scan-V2-CutSmall-1-1024x1024.jpg 1024w, https:\/\/thiemogerrit.de\/wp-content\/uploads\/2023\/12\/Que-Roljos-Cover-Scan-V2-CutSmall-1-300x300.jpg 300w, https:\/\/thiemogerrit.de\/wp-content\/uploads\/2023\/12\/Que-Roljos-Cover-Scan-V2-CutSmall-1-150x150.jpg 150w, https:\/\/thiemogerrit.de\/wp-content\/uploads\/2023\/12\/Que-Roljos-Cover-Scan-V2-CutSmall-1-768x768.jpg 768w, https:\/\/thiemogerrit.de\/wp-content\/uploads\/2023\/12\/Que-Roljos-Cover-Scan-V2-CutSmall-1-1536x1536.jpg 1536w, https:\/\/thiemogerrit.de\/wp-content\/uploads\/2023\/12\/Que-Roljos-Cover-Scan-V2-CutSmall-1-855x855.jpg 855w, https:\/\/thiemogerrit.de\/wp-content\/uploads\/2023\/12\/Que-Roljos-Cover-Scan-V2-CutSmall-1-800x800.jpg 800w, https:\/\/thiemogerrit.de\/wp-content\/uploads\/2023\/12\/Que-Roljos-Cover-Scan-V2-CutSmall-1.jpg 1770w\" sizes=\"auto, (max-width: 1024px) 100vw, 1024px\" \/><\/figure><div class=\"wp-block-media-text__content\">\n<p>\u00a1Que Roljos! \u2013 Lateinamerikanische Musik, gepaart mit unverwechselbarem mehrstimmigem Gesang ergeben eine einmalige Mischung aus Latin, Pop, Balladen, Country &amp; Rock \u2019n\u2018 Roll. Cover und Eigenkompositionen.<\/p>\n<\/div><\/div>\n\n\n\n<div style=\"height:30px\" aria-hidden=\"true\" class=\"wp-block-spacer\"><\/div>\n\n\n\n<div class=\"wp-block-media-text is-stacked-on-mobile\"><figure class=\"wp-block-media-text__media\"><img loading=\"lazy\" decoding=\"async\" width=\"1024\" height=\"1024\" src=\"https:\/\/thiemogerrit.de\/wp-content\/uploads\/2024\/06\/WhatsApp-Image-2024-05-16-at-11.16.54-1024x1024.jpeg\" alt=\"\" class=\"wp-image-179 size-full\" srcset=\"https:\/\/thiemogerrit.de\/wp-content\/uploads\/2024\/06\/WhatsApp-Image-2024-05-16-at-11.16.54-1024x1024.jpeg 1024w, https:\/\/thiemogerrit.de\/wp-content\/uploads\/2024\/06\/WhatsApp-Image-2024-05-16-at-11.16.54-300x300.jpeg 300w, https:\/\/thiemogerrit.de\/wp-content\/uploads\/2024\/06\/WhatsApp-Image-2024-05-16-at-11.16.54-150x150.jpeg 150w, https:\/\/thiemogerrit.de\/wp-content\/uploads\/2024\/06\/WhatsApp-Image-2024-05-16-at-11.16.54-768x768.jpeg 768w, https:\/\/thiemogerrit.de\/wp-content\/uploads\/2024\/06\/WhatsApp-Image-2024-05-16-at-11.16.54-1536x1536.jpeg 1536w, https:\/\/thiemogerrit.de\/wp-content\/uploads\/2024\/06\/WhatsApp-Image-2024-05-16-at-11.16.54-855x855.jpeg 855w, https:\/\/thiemogerrit.de\/wp-content\/uploads\/2024\/06\/WhatsApp-Image-2024-05-16-at-11.16.54-800x800.jpeg 800w, https:\/\/thiemogerrit.de\/wp-content\/uploads\/2024\/06\/WhatsApp-Image-2024-05-16-at-11.16.54.jpeg 2048w\" sizes=\"auto, (max-width: 1024px) 100vw, 1024px\" \/><\/figure><div class=\"wp-block-media-text__content\">\n<p>\u201eGeht akustisch nicht, gibt\u2019s bei Area 67 nicht!\u201c &#8211; Pop-\/Rock-Covers aus den besten Jahrzehnten. Aktuelle, nie vergessene als auch weniger bekannte geniale Songs etwas abseits des Mainstreams. Leichtf\u00fc\u00dfig. Im eigenen Gewand. Unplugged. <\/p>\n<\/div><\/div>\n\n\n\n<div style=\"height:30px\" aria-hidden=\"true\" class=\"wp-block-spacer\"><\/div>\n\n\n\n<div class=\"wp-block-media-text is-stacked-on-mobile\"><figure class=\"wp-block-media-text__media\"><img loading=\"lazy\" decoding=\"async\" width=\"645\" height=\"539\" src=\"https:\/\/thiemogerrit.de\/wp-content\/uploads\/2023\/12\/CUTWhatsApp-Image-2023-07-18-at-12.07.06-1.jpg\" alt=\"\" class=\"wp-image-123 size-full\" srcset=\"https:\/\/thiemogerrit.de\/wp-content\/uploads\/2023\/12\/CUTWhatsApp-Image-2023-07-18-at-12.07.06-1.jpg 645w, https:\/\/thiemogerrit.de\/wp-content\/uploads\/2023\/12\/CUTWhatsApp-Image-2023-07-18-at-12.07.06-1-300x251.jpg 300w\" sizes=\"auto, (max-width: 645px) 100vw, 645px\" \/><\/figure><div class=\"wp-block-media-text__content\">\n<p>The Resopals \u2013Jazz und Blues, verbunden zu einem nicht allt\u00e4glichen Programm mit einer Vielfalt an gew\u00f6hnlichen und ungew\u00f6hnlichen Instrumenten! Resonator-Ukulele, Resonator-Tenorgitarre, P\u00f6mpel-Posaune, Kontrabass und Gitarre garantieren abwechslungsreiche, anspruchsvolle Unterhaltung.<\/p>\n<\/div><\/div>\n\n\n\n<div style=\"height:30px\" aria-hidden=\"true\" class=\"wp-block-spacer\"><\/div>\n\n\n\n<div class=\"wp-block-media-text is-stacked-on-mobile\"><figure class=\"wp-block-media-text__media\"><img loading=\"lazy\" decoding=\"async\" width=\"1024\" height=\"587\" src=\"https:\/\/thiemogerrit.de\/wp-content\/uploads\/2023\/12\/Alex-und-Thiemo-2-1024x587.jpg\" alt=\"\" class=\"wp-image-125 size-full\" srcset=\"https:\/\/thiemogerrit.de\/wp-content\/uploads\/2023\/12\/Alex-und-Thiemo-2-1024x587.jpg 1024w, https:\/\/thiemogerrit.de\/wp-content\/uploads\/2023\/12\/Alex-und-Thiemo-2-300x172.jpg 300w, https:\/\/thiemogerrit.de\/wp-content\/uploads\/2023\/12\/Alex-und-Thiemo-2-768x440.jpg 768w, https:\/\/thiemogerrit.de\/wp-content\/uploads\/2023\/12\/Alex-und-Thiemo-2-1140x653.jpg 1140w, https:\/\/thiemogerrit.de\/wp-content\/uploads\/2023\/12\/Alex-und-Thiemo-2.jpg 1372w\" sizes=\"auto, (max-width: 1024px) 100vw, 1024px\" \/><\/figure><div class=\"wp-block-media-text__content\">\n<p>Alex &amp; Thiemo \u2013 Ein Blues Duo mit Resonatorgitarren, Mundharmonika und Stimme. Von den Anf\u00e4ngen des Delta Blues \u00fcber die Chicago Blues Gr\u00f6\u00dfen der 1950er Jahre bis hin zu zeitgen\u00f6ssischen Kompositionen werden alle Aspekte der Bluesmusik bedient.<\/p>\n<\/div><\/div>\n\n\n\n<div style=\"height:30px\" aria-hidden=\"true\" class=\"wp-block-spacer\"><\/div>\n\n\n\n<div class=\"wp-block-media-text is-stacked-on-mobile\"><figure class=\"wp-block-media-text__media\"><img loading=\"lazy\" decoding=\"async\" width=\"1024\" height=\"566\" src=\"https:\/\/thiemogerrit.de\/wp-content\/uploads\/2023\/12\/CUT_WhatsApp-Image-2022-12-20-at-12.26.24-1-1024x566.jpg\" alt=\"\" class=\"wp-image-126 size-full\" srcset=\"https:\/\/thiemogerrit.de\/wp-content\/uploads\/2023\/12\/CUT_WhatsApp-Image-2022-12-20-at-12.26.24-1-1024x566.jpg 1024w, https:\/\/thiemogerrit.de\/wp-content\/uploads\/2023\/12\/CUT_WhatsApp-Image-2022-12-20-at-12.26.24-1-300x166.jpg 300w, https:\/\/thiemogerrit.de\/wp-content\/uploads\/2023\/12\/CUT_WhatsApp-Image-2022-12-20-at-12.26.24-1-768x424.jpg 768w, https:\/\/thiemogerrit.de\/wp-content\/uploads\/2023\/12\/CUT_WhatsApp-Image-2022-12-20-at-12.26.24-1-1536x849.jpg 1536w, https:\/\/thiemogerrit.de\/wp-content\/uploads\/2023\/12\/CUT_WhatsApp-Image-2022-12-20-at-12.26.24-1-1140x630.jpg 1140w, https:\/\/thiemogerrit.de\/wp-content\/uploads\/2023\/12\/CUT_WhatsApp-Image-2022-12-20-at-12.26.24-1.jpg 1650w\" sizes=\"auto, (max-width: 1024px) 100vw, 1024px\" \/><\/figure><div class=\"wp-block-media-text__content\">\n<p>plain.txt &#8211; Der Name trifft den Nagel auf den Kopf \u2013 Als Duo mit wechselnder Instrumentierung werden bekannte Songs auf g\u00e4nzlich neue, \u00fcberraschende Weise interpretiert. Dabei werden sie auf ihre wesentlichen Elemente reduziert, vom Original bleibt der blanke Klartext \u00fcbrig. Mandoline, Guitarron, Footdrums und akustische Gitarre wie Stromgitarre gepaart mit zwei einmaligen Stimmen schaffen viele M\u00f6glichkeiten.<\/p>\n<\/div><\/div>\n\n\n\n<div style=\"height:30px\" aria-hidden=\"true\" class=\"wp-block-spacer\"><\/div>\n","protected":false},"excerpt":{"rendered":"<p>Shake It Up! \u2013 das ist Unterhaltung vom Feinsten. Von Pop und Balladen bis Country und Rock \u2019n\u2018 Roll ist<span class=\"more-dots\">&#8230;<\/span><\/p>\n","protected":false},"author":1,"featured_media":0,"parent":0,"menu_order":0,"comment_status":"closed","ping_status":"closed","template":"","meta":{"footnotes":""},"class_list":["post-111","page","type-page","status-publish","hentry","no-post-thumbnail"],"_links":{"self":[{"href":"https:\/\/thiemogerrit.de\/index.php?rest_route=\/wp\/v2\/pages\/111","targetHints":{"allow":["GET"]}}],"collection":[{"href":"https:\/\/thiemogerrit.de\/index.php?rest_route=\/wp\/v2\/pages"}],"about":[{"href":"https:\/\/thiemogerrit.de\/index.php?rest_route=\/wp\/v2\/types\/page"}],"author":[{"embeddable":true,"href":"https:\/\/thiemogerrit.de\/index.php?rest_route=\/wp\/v2\/users\/1"}],"replies":[{"embeddable":true,"href":"https:\/\/thiemogerrit.de\/index.php?rest_route=%2Fwp%2Fv2%2Fcomments&post=111"}],"version-history":[{"count":15,"href":"https:\/\/thiemogerrit.de\/index.php?rest_route=\/wp\/v2\/pages\/111\/revisions"}],"predecessor-version":[{"id":205,"href":"https:\/\/thiemogerrit.de\/index.php?rest_route=\/wp\/v2\/pages\/111\/revisions\/205"}],"wp:attachment":[{"href":"https:\/\/thiemogerrit.de\/index.php?rest_route=%2Fwp%2Fv2%2Fmedia&parent=111"}],"curies":[{"name":"wp","href":"https:\/\/api.w.org\/{rel}","templated":true}]}}